+ 3. What are the prime factors of i(0)?
3
Suppose -4*u - 48 = 2*x, 5*x = -0*x. Let w = u - -19. List the prime factors of w.
7
Suppose -4 = -x - 2. Suppose -i - 41 = -v, -v + 31 = x*i - 5*i. Suppose 3*h - 5*y = v, 0*h - y - 12 = -h. List the prime factors of h.
7
Suppose -2*f = -4*m + 26, -f - 9 = 4*m + 4*f. What are the prime factors of -1 + (-3 - (-11 + m))?
3
Let r be 3 + 9/3*-4. Let v(a) = -4*a**2 + a - 3. Let u be v(-3). List the prime factors of u/r - 1/(-3).
5
Suppose -5*i - 5 - 12 = -2*h, 2*i = 4*h - 26. Suppose 2*t + 0*t - h = 0. Suppose 0*d - 3*d = 4*p - 47, -15 = -t*p. What are the prime factors of d?
3
Suppose -3*a - 2*i = -45, 2*a + i - 4 - 25 = 0. Suppose -d = -3 - a. What are the prime factors of d?
2
Suppose 3*o + 6 = -0. List the prime factors of (-63)/(-3) + (o - -2).
3, 7
Let d(o) = o**2 + 2*o + 1. Let z be d(-1). Let h(a) = -a**2 + 5. Let y be h(z). Suppose -q - 9 = -3*x, 0 = -y*q - 15 - 0. List the prime factors of x.
2
Suppose -j = k + 2*j - 6, -2*j - 40 = -3*k. What are the prime factors of k?
2, 3
Suppose -6*z + 0*z = -144. What are the prime factors of z?
2, 3
Let p = 74 + -22. List the prime factors of p.
2, 13
Let q = 0 + 0. Suppose 3*u = -u + 176. Suppose 3*f + f - u = q. List the prime factors of f.
11
Let o(f) = -f**2 - 5*f - 2. Let j be o(-4). Suppose -5*t + 20 = -p, p - 12 = j*p - 3*t. Suppose p*a = 5*a - 85. What are the prime factors of a?
17
Suppose -5*d - 15 = -60. Suppose -h - 4*g + 44 = 2*h, -3*g = h - 23. Suppose -4*z + h = -2*z, 5*q - 4*z = d. List the prime factors of q.
5
Let t = 12 + -28. Let d be 860/t - 1/4. List the prime factors of d/(-10) + 6/(-15).
5
Let p(j) = -j - 8. Let k be p(-6). List the prime factors of k/10*-2*10.
2
Suppose 3*y = 5*n - 25, -n + 2*y = 6*y + 18. Let x = n + 1. List the prime factors of 1 + (-6)/x + 10.
3
Let y(f) = f**3 + 10*f**2 - 11*f + 8. Let p be y(-11). What are the prime factors of 1*p*10/10?
2
Let p(m) = 10*m + 15. Let z(i) = -i - 1. Let t(a) = p(a) + 6*z(a). List the prime factors of t(5).
29
Let m(b) = -8*b + 34. What are the prime factors of m(-10)?
2, 3, 19
Suppose -a = -2*a + 2. Suppose a*f = f. Suppose -3*t + 21 + 21 = f. What are the prime factors of t?
2, 7
Suppose 11*v = 12*v - 15. List the prime factors of v.
3, 5
List the prime factors of 232 + (24/(-3))/(-2).
2, 59
Let j(z) = -27*z + 27. List the prime factors of j(-6).
3, 7
Suppose -4*x - 42 - 74 = 0. List the prime factors of (0 - x - -4)/1.
3, 11
Let h be 1 + 0 - (0 + 1). Let x(c) = -c + h*c**3 - c**3 + 5*c + 8*c**2 - 4 + 2*c**3. What are the prime factors of x(-7)?
17
Let m(w) = -w**2 + w + 244. Let i be m(0). Let n be i/4 + 0 + 2. List the prime factors of (4/6)/(14/n).
3
Let d be 10/4*(1 + 5). Let q(a) = -a**3 - 5*a**2 - 2*a + 4. Let c be q(-3). Let w = d + c. List the prime factors of w.
7
Suppose 4*p - 437 = 5*y, 449 - 17 = 4*p - 4*y. List the prime factors of p.
103
Let l(q) = q**2 - 11. What are the prime factors of l(8)?
53
Suppose 5 = -3*h + 6*a - 4*a, 2*a = 4*h + 8. Let x be -5 + 4 - (h + 0). Suppose 10 = 5*y, -3*j + y - x*y = -26. List the prime factors of j.
2
Let c = 101 + -54. Suppose 0 = 4*a + c - 211. What are the prime factors of a?
41
Let q(b) = -2*b + 1. Let v be q(5). Let r = 18 + v. What are the prime factors of r?
3
Suppose 4*w + 5*k + 15 = -w, 12 = -3*k. Let d = w - -2. List the prime factors of d.
3
Let h(j) = 2*j**3 + j**2 - j. Let g be h(1). Suppose 4*f - g - 26 = 0. List the prime factors of f.
7
Suppose 2*v - 4*p - 50 = 0, 0*p = 5*v - p - 152. Let l = v - 22. Suppose 0 = 5*t + 2*c - l, 0 = -t + 2*c + 10 - 1. List the prime factors of t.
3
Suppose 0 = 4*k + 8, h + 2*h + k = 76. What are the prime factors of h?
2, 13
Suppose -4*d - 132 = 2*a + 3*a, -a = -3*d - 118. Let y = d - -70. Let j = -14 + y. What are the prime factors of j?
2, 3
Suppose m = -1 - 4. Let q = 9 + m. What are the prime factors of q?
2
Let n = 4 - -1. Suppose p + 0*p + n*h = 5, 3 = -2*p + 3*h. Let v = 5 + p. List the prime factors of v.
5
Suppose 0 = -5*g + 9*g - 676. What are the prime factors of g?
13
Let f(w) = w**2 + 2. Let s be f(0). Suppose 40 = -0*t + s*t. Suppose -3*k - 38 = -2*h + 2*k, 0 = 5*k + t. What are the prime factors of h?
3
Let i(v) = 11*v**2 + 1. Suppose 2*k = 2*p, 2*p + 2*p - 7 = -3*k. Let y be i(p). Suppose u - 4*u = -y. List the prime factors of u.
2
Let i(l) = 2*l**3 + l**2 - l + 1. Let q be i(1). Let f = q - 21. Let u = f - -31. What are the prime factors of u?
13
Let k(s) = -4*s - 1. Let c be k(2). Let g = -2 - c. What are the prime factors of g?
7
Let m(z) = -6*z**2 - 2*z + 2. Let y be m(2). Let v = -6 - y. Suppose j - v = -j. What are the prime factors of j?
2, 5
Suppose 4*b + 0*g = 3*g + 66, -2*b + 32 = -g. What are the prime factors of b?
3, 5
Suppose -30 - 360 = -5*p. Suppose -3*g = -3*i + p, 2*i - 24 = 2*g - 7*g. List the prime factors of i.
2, 11
Let k be (-10 + 6)*2/4. Let o(p) = p**2 - p + 2. List the prime factors of o(k).
2
Suppose h = -3*r + 92, -r + 0*r = 3. List the prime factors of h.
101
Suppose -1 = -4*v + 3. Let h be ((-8)/20)/(v/(-25)). Suppose -3 = -n + h. List the prime factors of n.
13
Let p(j) = -10*j. Let a(c) = 2*c. Let y(f) = 14*a(f) + 3*p(f). Let q be y(-2). Let g = 0 + q. List the prime factors of g.
2
Suppose 5*h - 5*k - 90 = 0, -3*h - 2*k + 14 + 60 = 0. Let q = -8 + h. List the prime factors of q.
2, 7
Suppose 0 = 5*q - 90 - 420. List the prime factors of q.
2, 3, 17
Let q(d) = 2*d**2 + 6*d + 4. Let y be q(-7). Let w = y + -41. List the prime factors of w.
19
Let k(c) = 113*c + 1. What are the prime factors of k(1)?
2, 3, 19
Let l(w) = -3*w**3 + 4*w**3 - 2*w**3 + 46 + 11 + w + w**2. What are the prime factors of l(0)?
3, 19
Suppose -2*n - 5*h = -6*n - 44, -4 = -h. Let u = n + 9. List the prime factors of u.
3
List the prime factors of 142/7 - 4/14.
2, 5
Let x(k) = k**3 - 9*k**2 + 8*k - 9. Let m be x(8). Let r = m + 16. What are the prime factors of r?
7
Let i(c) = c**3 - 6*c**2 + 2*c + 3. Suppose -2*t = -0*t - 12. Let y be i(t). Let o = y - 4. List the prime factors of o.
11
Let j(d) = d**2 - 6*d - 3. Let r be j(6). Let o be 0/(-1*3) - 5. Let m = r - o. List the prime factors of m.
2
Suppose -g + 7 = 3*y, -22 + 7 = 3*y. Suppose 5*c + d = 49, -3*c + 9 + g = -d. Let l = 23 - c. List the prime factors of l.
13
Let y(q) = -4*q - 9. Suppose p + 8 + 0 = 0. List the prime factors of y(p).
23
Let u(t) = t**2 + 9*t + 21. Let a = -27 + 17. List the prime factors of u(a).
31
What are the prime factors of (-66)/(-9)*3/2?
11
Let t(z) = -2*z - 2. Let b(a) = -5*a + 1. Let i(u) = -u. Let x(j) = b(j) - 6*i(j). Let p(s) = 6*t(s) + 10*x(s). List the prime factors of p(-7).
2, 3
Suppose -3 - 1 = 5*a - u, -2*u + 8 = -2*a. Suppose a = -t + 24 + 18. List the prime factors of t.
2, 3, 7
Suppose 0*o = -o. List the prime factors of 7*(7 + o + -4).
3, 7
List the prime factors of 10/(-15)*6 + 49.
3, 5
Let l(w) = w**2 - 5*w + 7. Let x be l(5). Let s = -4 + x. Suppose -2*h = c + 4*c - 4, -3*h = s*c - 15. What are the prime factors of h?
7
Let z be 3/(-1) - -1 - 6. Let f(c) be the third derivative of -c**6/120 - 2*c**5/15 - c**4/8 - 5*c**3/3 + 11*c**2. List the prime factors of f(z).
2, 7
Let l(z) = 69*z**2 - 1. Let c be l(1). Let t = -35 + c. What are the prime factors of t?
3, 11
Let x(d) = d**3 + 5*d**2 - 2*d + 9. List the prime factors of x(-5).
19
Suppose -5*x - 2*x = -392. List the prime factors of x.
2, 7
Suppose 0 = b - 2 - 0. Suppose 0 = -5*j, -b*d = j - 7 + 1. Suppose 0*x = d*x - 18. List the prime factors of x.
2, 3
Suppose 2*s + 0*s = -2. Let f(t) = 10*t**2 + 1. Let p be f(s). Suppose 2*q - p = 9. What are the prime factors of q?
2, 5
Let x = 2 + -10. Let h = x + 20. List the prime factors of h.
2, 3
Suppose 0 = -2*u + 7*u. Suppose c = -u*c + 20. List the prime factors of c.
2, 5
Let t be (76/(-6) + -2)*-3. Suppose 2*f - t = -2*f. What are the prime factors of f?
11
Let l be 2*1*(2 + -4). Let w(h) be the first derivative of -h**3/3 - 7*h**2/2 - 6*h - 3. What are the prime factors of w(l)?
2, 3
Let x be (-2)/(-10) + 1162/(-35). Let s = 62 + x. Let d = s - 21. List the prime factors of d.
2
Let m(z) be the third derivative of z**5/60 + z**4/12 + z**3/6 - 6*z**2. Suppose 3*a + 2*a = 10. List the prime factors of m(a).
3
Suppose -9*g + 1390 = g. What are the prime facto